 q(f) = -9957*f + 109518. What is q(11)?
-9
Let z(p) = -6593*p**2 - 19752*p + 40. What is z(-3)?
-41
Let r(x) = 8019*x + 47984. Determine r(-6).
-130
Let b(n) = 2*n**3 - 539*n**2 + 815*n - 2956. Determine b(268).
-8
Let u(z) = 10379*z + 3030689. What is u(-292)?
21
Let p(d) = 515*d + 113717. Give p(-221).
-98
Let n(g) = -294*g + 84025. What is n(285)?
235
Let k(n) = n**3 + 2*n**2 - 105*n + 330. What is k(0)?
330
Let x(q) = -45*q**3 - 222*q**2 + 32*q + 122. Give x(-5).
37
Let b(v) = 17*v**3 + 5*v**2 - 11*v + 17. Determine b(4).
1141
Let h(t) = 18*t**2 - 1475*t + 1478. Give h(81).
101
Let z(o) = o**3 - 279*o**2 - 275*o - 1382. Calculate z(280).
18
Let g(f) = -f**2 + 912*f - 104877. Give g(135).
18
Let s(y) = -y**3 - 11*y**2 + 100*y + 343. Determine s(-16).
23
Let t(o) = -o**3 + 314*o**2 - 2802*o + 200468. What is t(307)?
-3
Let j(q) = 27424*q - 246783. What is j(9)?
33
Let k(r) = -259*r**2 + 2033*r + 6. Give k(8).
-306
Let i(b) = -b**3 - 12*b**2 + 487*b + 6765. Give i(-16).
-3
Let r(f) = 3553*f + 270049. Give r(-76).
21
Let s(j) = 16*j**3 - 166*j**2 + 26*j + 299. Determine s(10).
-41
Let s(x) = -x**3 - 371*x**2 + 2558*x - 33258. Give s(-378).
6
Let s(y) = 4*y**3 - 13*y**2 - 40*y - 6. What is s(7)?
449
Let u(j) = j**3 + 29*j**2 - 2*j - 4. Calculate u(-30).
-844
Let a(d) = -115*d**3 - 5285*d**2 + 226*d - 170. What is a(-46)?
14
Let v(r) = 468*r**2 + 18253*r - 61. Calculate v(-39).
-100
Let c(z) = 48*z**2 - 1208*z - 8557. What is c(-7)?
2251
Let y(m) = 80*m**2 - 315*m + 25. Calculate y(4).
45
Let v(t) = 8*t**2 + 209*t + 2226. What is v(-14)?
868
Let p(o) = -52*o**2 + 2025*o + 2025. Determine p(-1).
-52
Let j(f) = -33075*f**2 + 562265*f + 13. Determine j(17).
-157
Let j(x) = -x**3 + 175*x**2 + 2257*x + 193322. Give j(192).
-22
Let l(w) = 2*w**3 + 11*w**2 - 206*w - 600. Determine l(-12).
0
Let m(v) = -v**3 + 783*v**2 - 72900*v + 1. What is m(675)?
1
Let q(m) = 7*m**2 - 1330*m + 33590. Calculate q(30).
-10
Let s(d) = 1519*d + 25415. Determine s(-17).
-408
Let f(v) = 1105*v + 14446. Calculate f(-13).
81
Let w(p) = -115*p - 8995. What is w(-78)?
-25
Let o(x) = -3481*x**2 + 55686*x + 126. Determine o(16).
-34
Let t(r) = -917*r**3 + 3667*r**2 - 2*r - 10. What is t(4)?
-34
Let c(o) = 5732*o - 3897749. Calculate c(680).
11
Let f(m) = 292*m**2 - 124100*m - 5. Give f(425).
-5
Let g(v) = 10*v**2 + 4870*v + 38934. What is g(-8)?
614
Let u(t) = -1464*t - 52675. Give u(-36).
29
Let s(g) = 963*g + 146177. Give s(-152).
-199
Let r(m) = m**2 + 186*m + 7495. Give r(-59).
2
Let d(s) = 15557*s**2 - 15562*s. What is d(1)?
-5
Let h(w) = 17*w**3 + 206*w**2 + 46*w + 101. What is h(-12)?
-163
Let a(n) = -50*n - 773. Calculate a(-7).
-423
Let q(w) = -w**2 + 22091*w - 44172. What is q(2)?
6
Let h(n) = -5*n**3 - 17*n**2 + 1382*n + 5533. Give h(-4).
53
Let v(w) = 13690*w - 15447. Give v(1).
-1757
Let g(u) = -2429*u + 4962. Give g(3).
-2325
Let w(i) = i**2 - 219*i + 7623. What is w(43)?
55
Let c(q) = -2*q**2 - 1909*q - 365871. What is c(-689)?
-12
Let c(t) = -5882*t - 4605604. Give c(-783).
2
Let n(c) = -37*c**2 + 614*c + 16. Give n(7).
2501
Let y(q) = 13*q**2 - 13068*q + 39087. Give y(3).
0
Let x(m) = -2*m**2 - 135*m + 3678. Calculate x(22).
-260
Let j(k) = 11*k**3 - 600*k**2 - 14360*k + 59. Determine j(-18).
-13
Let q(p) = -542*p**3 + 2*p**2 - p. Give q(1).
-541
Let o(u) = -768*u - 3861. Calculate o(-5).
-21
Let r(z) = 7*z**2 - 969*z - 558. What is r(139)?
-2
Let n(l) = -1632*l + 520590. Give n(319).
-18
Let f(n) = 19769*n - 16981579. Give f(859).
-8
Let a(c) = -2*c**3 + 187*c**2 + 751*c - 61757. Give a(94).
1
Let k(b) = -3*b**2 - 437*b + 22945. Calculate k(41).
-15
Let y(p) = -1369*p - 102937. Determine y(-75).
-262
Let h(g) = 39*g**2 - 37*g - 80. What is h(-6)?
1546
Let i(h) = -36*h**2 + 3533*h - 515. Calculate i(98).
-25
Let n(d) = 2494*d + 1319327. Determine n(-529).
1
Let w(y) = y**2 + 56*y + 941. Calculate w(-37).
238
Let s(y) = 3*y**3 + 487*y**2 - 2317*y - 401598. Give s(-162).
0
Let h(v) = -v**2 - 360*v + 6851. Determine h(18).
47
Let t(z) = 10*z**3 - 309*z**2 - 40*z + 354. Give t(31).
75
Let s(j) = 11*j**3 + 112*j**2 + 136*j + 12. Determine s(-9).
-159
Let a(i) = i**2 + 47523*i + 20716510. What is a(-440)?
-10
Let s(b) = 18*b**2 + 32*b - 2. Determine s(-8).
894
Let j(y) = -9018*y - 1578152. What is j(-175)?
-2
Let v(d) = -28245*d - 677864. Give v(-24).
16
Let y(p) = -15805*p + 5847824. Give y(370).
-26
Let b(w) = -7*w**2 + 2187*w - 15005. Determine b(7).
-39
Let b(o) = -5*o**3 - 566*o**2 + 447*o - 861. Calculate b(-114).
165
Let w(f) = -f**3 + 8*f**2 - 27*f - 106. Give w(13).
-1302
Let t(l) = 4*l**2 + 567*l - 2246. Determine t(4).
86
Let q(f) = 91*f - 3935. Calculate q(41).
-204
Let x(h) = -137539*h + 825231. Give x(6).
-3
Let y(n) = -282*n - 642. Determine y(-3).
204
Let d(x) = -206747*x - 2687726. What is d(-13)?
-15
Let s(k) = -14*k**2 + 677*k - 75. Calculate s(47).
818
Let k(u) = -u**2 + 78*u - 1108. Calculate k(13).
-263
Let o(k) = -k**3 - 12*k**2 - 1396*k - 5430. Calculate o(-4).
26
Let f(x) = -11479*x - 333071. Calculate f(-29).
-180
Let v(x) = 8*x**2 - 1081*x + 13689. Determine v(121).
16
Let g(a) = -52114*a - 416893. Calculate g(-8).
19
Let q(j) = -3*j**3 - 102*j**2 - 1735*j - 58983. Calculate q(-34).
7
Let c(k) = 2*k**2 - 100390*k + 1003730. Determine c(10).
30
Let n(u) = u**3 - 12*u**2 + 26*u - 897. What is n(16)?
543
Let s(n) = -n**3 + 2*n**2 + 29*n + 963. Determine s(0).
963
Let z(y) = -y**3 + 25*y**2 + 7994*y - 3102. Give z(-78).
18
Let f(b) = b**3 + 10*b**2 + 16*b - 12. What is f(9)?
1671
Let q(g) = g**3 + 12*g**2 - 922*g - 10269. Calculate q(-11).
-6
Let n(b) = 17957*b + 17955. Determine n(-1).
-2
Let c(k) = k**3 - 419*k**2 - 6528*k + 7809. What is c(434)?
-3
Let o(q) = -q**3 - 90*q**2 + 576*q + 27832. Determine o(-93).
211
Let u(a) = -683*a**3 + a**2 + 8*a + 8. Calculate u(-1).
684
Let m(r) = -2*r**3 - 51*r**2 - 123*r + 25. Calculate m(-19).
-2331
Let n(r) = 24538*r + 148577. Calculate n(-6).
1349
Let x(b) = 78*b**2 + 76*b + 20. Calculate x(-1).
22
Let p(w) = 3*w**3 - 128*w**2 + 667*w - 42. Calculate p(6).
0
Let y(w) = -w**3 + 45*w**2 + 3369*w - 150314. Give y(44).
-142
Let r(w) = -w**3 + 47*w**2 - 624*w + 2236. Determine r(6).
-32
Let o(s) = -32*s**3 - 971*s**2 - 334*s - 126. Give o(-30).
-6
Let l(j) = 327*j - 29054. Give l(89).
49
Let v(l) = 13*l**2 + 1256*l + 7520. What is v(-6)?
452
Let l(z) = 23*z + 867. Calculate l(-35).
62
Let n(g) = -5*g**2 + 466*g - 8125. What is n(75)?
-1300
Let v(m) = m**2 + 3892*m + 131139. Calculate v(-34).
-33
Let t(a) = 8*a**3 - 288*a**2 + 15*a - 509. Determine t(36).
31
Let k(c) = 401575*c - 803152. What is k(2)?
-2
Let y(c) = -80*c**2 - 1680*c + 64. Give y(-21).
64
Let f(h) = 133*h**2 - 389*h - 1146. Determine f(-3).
1218
Let k(r) = 3*r**3 - 257*r**2 + 284*r - 27. Determine k(1).
3
Let j(q) = -5667*q + 22585. Give j(4).
-83
Let z(m) = 28850*m - 86655. What is z(3)?
-105
Let t(g) = 2*g**3 + 97*g**2 - 139*g + 504. Give t(-50).
-46
Let c(a) = -652*a + 12913. What is c(18)?
1177
Let b(z) = -38*z**2 + 2068*z + 16460. Calculate b(-8).
-2516
Let g(w) = -w**2 + 9677*w + 116184. Give g(-12).
-84
Let m(r) = -208*r**2 + 2441*r + 551. Determine m(12).
-109
Let k(r) = -8*r**2 + 15745*r + 47301. What is k(-3)?
-6
Let u(k) = -k**2 - 438478*k - 3507752. Give u(-8).
8
Let g(k) = 2*k**3 - 7*k**2 + 1961*k - 17548. What is g(9)?
992
Let c(m) = -277*m + 26015. Determine c(94).
-23
Let a(t) = 9*t**3 + 113*t**2 - 292*t - 404. Determine a(-1).
-8
Let b(q) = -6008*q - 6014. Give b(-1).
-6
Let t(l) = -2*l**3 - 268*l**2 - 2723*l - 154. Give t(-11).
33
Let b(y) = 8982*y**2 - 8994*y + 3. Determine b(1).
-9
Let k(s) = 17*s**2 + 40*s + 297. Calculate k(-6).
669
Let h(u) = -69*u**2 + 506*u - 542. Determine h(6).
10
Let m(t) = 338*t**2 + 10481*t + 170. What is m(-31)?
77
Let l(c) = c**2 + 190226*c + 3043352. Determine l(-16).
-8
Let w(r) = -6*r**2 + 178*r - 404. Give w(30).
-464
Let t(z) = -z**2 + 196*z - 4949. Give t(35).
686
Let o(l) = 3*l**3 - 28*l**2 + 652*l - 1210. What is o(2)?
6
Let j(b) = 16923*b - 33483. Give j(2).
363
Let r(z) = 1443*z + 16101. Determine r(-11).
228
Let f(m) = 2*m**3 - 20*m**2 + 94*m - 1220. Determine f(11).
56
Let a(z) = z**3 + 71*z**2 - 13256*z + 507. Calculate a(-156).
-117
Let x(m) = 345809*m - 7261968. Determine x